{"id":5,"date":"2015-11-26T19:02:27","date_gmt":"2015-11-26T19:02:27","guid":{"rendered":"http:\/\/massinmaja.fi\/wordpress\/?page_id=5"},"modified":"2024-09-25T08:34:14","modified_gmt":"2024-09-25T06:34:14","slug":"massi","status":"publish","type":"page","link":"http:\/\/massinmaja.fi\/wordpress\/","title":{"rendered":"Massin liikuntakeskus"},"content":{"rendered":"<p><a href=\"http:\/\/massinmaja.fi\/wordpress\/wp-content\/uploads\/2015\/11\/massi_kollaasi_iso.jpg\"><img decoding=\"async\" loading=\"lazy\" class=\" wp-image-6 alignleft\" src=\"http:\/\/massinmaja.fi\/wordpress\/wp-content\/uploads\/2015\/11\/massi_kollaasi_iso-300x282.jpg\" alt=\"massi_kollaasi_iso\" width=\"369\" height=\"3\" \/><\/a><strong>Osoite\/karttalinkki :<\/strong> <span style=\"text-decoration: underline;\"><span style=\"color: #0000ff;\"><a style=\"color: #0000ff; text-decoration: underline;\" href=\"https:\/\/www.google.fi\/maps\/place\/Massintie+190,+28400+Ulvila\/@61.4082094,21.8773449,13z\/data=%214m2%213m1%211s0x468973a63cc8cb3f:0x5411257f55ae3d5b\"><em>Massintie 190,\u00a0 28400 Ulvila<\/em><\/a><\/span><\/span><br \/>\nMassi sijaitsee n. 5 km:n p\u00e4\u00e4ss\u00e4 Ulvilan (Friitalan) keskustasta, Massintien p\u00e4\u00e4ss\u00e4.<\/p>\n<p>Ulvilan Ura omistaa Massin liikuntakeskuksen ja on rakentanut sek\u00e4 yll\u00e4pit\u00e4\u00e4 talkoovoimin alueella olevat liikuntareitit yms.<br \/>\nLiikuntakeskuksen &#8221;maamerkki&#8221; on Massin Maja.<\/p>\n<p>Ulkoilualueella\u00a0on valaistua reitist\u00f6\u00e4 kaikkiaan n. 5 km. Valaistut perusreitit ovat 2 km ja 3 km. Lis\u00e4ksi on n. 1.2 km pitk\u00e4 sprinttirata sek\u00e4 Massin ja Friitalan koulukeskuksen v\u00e4lill\u00e4 n. 4.5 km:n valaisematon retkireitti.<\/p>\n<p>Liikuntakeskuksen piha-alueella on kaikkien liikkujien vapaassa k\u00e4yt\u00f6sss\u00e4 olevat\u00a0<span style=\"color: #0000ff;\"><em><a style=\"color: #0000ff;\" href=\"http:\/\/massinmaja.fi\/wordpress\/wp-content\/uploads\/kuntoilu.jpg\" rel=\"noopener\">&#8217;<span style=\"text-decoration: underline;\">ulkokuntosali<\/span>&#8217;,<\/a>\u00a0<\/em><\/span>jossa on my\u00f6s crossfit-kuntopiste, sek\u00e4\u00a0<span style=\"text-decoration: underline; color: #0000ff;\"><a style=\"color: #0000ff;\" href=\"http:\/\/massinmaja.fi\/wordpress\/wp-content\/uploads\/grillauspiste.jpg\"><em>grillaus-\/lev\u00e4hdyspiste.<\/em><\/a><\/span><br \/>\nPiha-alueen l\u00e4heisyydess\u00e4 on my\u00f6s <span style=\"text-decoration: underline;\"><span style=\"color: #0000ff;\"><a style=\"color: #0000ff; text-decoration: underline;\" href=\"http:\/\/massinmaja.fi\/wordpress\/wp-content\/uploads\/kuntoportaat.jpg\"><em>valaistut ku<\/em><em>ntoportaat<\/em><\/a><\/span><\/span>\u00a0 sek\u00e4<em><span style=\"color: #0000ff;\">\u00a0<a style=\"color: #0000ff;\" href=\"http:\/\/massinmaja.fi\/wordpress\/wp-content\/uploads\/laavu.jpg\" rel=\"noopener\"><span style=\"text-decoration: underline;\">laavu grillauspaikkoineen<\/span><\/a><\/span><\/em>.<br \/>\nTalvisin alueella on lis\u00e4ksi pulkkam\u00e4ki\u00e4, joista yksi on my\u00f6s nuoremmille laskijoille soveltuva valaistu m\u00e4ki.<\/p>\n<p>Leader-hankkeen puitteissa Massin liikuntakeskuksen alueelle on toteutettu my\u00f6s\u00a0<span style=\"color: #0000ff;\"><em><a style=\"color: #0000ff;\" href=\"http:\/\/massinmaja.fi\/wordpress\/wp-content\/uploads\/mobo.jpg\"><span style=\"text-decoration: underline;\">MOBO-suunnistusrata<\/span><\/a> <\/em><\/span>(l\u00e4ht\u00f6 majan edess\u00e4 olevalta infotaululta) ja yhdeks\u00e4n v\u00e4yl\u00e4inen <span style=\"text-decoration: underline;\"><a href=\"http:\/\/massinmaja.fi\/wordpress\/wp-content\/uploads\/frisbeegolf-rata.jpg\"><em><span style=\"color: #0000ff; text-decoration: underline;\">frisbeegolf-rata<\/span><\/em><\/a><\/span>\u00a0(l\u00e4ht\u00f6 ulkorakennuksen\/pulkkam\u00e4en kulmasta) sek\u00e4\u00a0\u00a0<span style=\"color: #0000ff;\"><em style=\"color: #0000ff;\"><span style=\"text-decoration: underline;\"><a style=\"color: #0000ff; text-decoration: underline;\" href=\"http:\/\/massinmaja.fi\/wordpress\/wp-content\/uploads\/geocaching.jpg\">geok\u00e4tk\u00f6-reitti<\/a><\/span>.<\/em><\/span><\/p>\n<p><!--\n<a style=\"color: #3366ff; text-decoration: underline;\" href=\"http:\/\/www.ulvilanura.fi\/latutilanne.asp\">&gt;Katso latujen tilanne t\u00e4\u00e4lt\u00e4 !<\/a><\/span>\n--><\/p>\n<p><em>Pururadan ja parkkipaikan valaistus on p\u00e4\u00e4ll\u00e4 talvikaudella lokakuun alusta maaliskuulle.\u00a0Valot sammuvat iltaisin klo 21.<\/em><\/p>\n<h2 style=\"text-align: center;\"><span style=\"color: #339966;\"><strong><em>Tervetuloa Massille &#8211; kuntoilemaan, ulkoilemaan\u00a0ja nauttimaan luonnosta!<\/em><\/strong><\/span><\/h2>\n<hr \/>\n<p style=\"text-align: center;\"><span style=\"color: #333399;\"><em>Majan piha- ja parkkialueella on tallentava kameravalvonta.<\/em><span style=\"text-decoration: underline;\"><span style=\"color: #0000ff; text-decoration: underline;\"><br \/>\n<a href=\"https:\/\/massinmaja.fi\/wordpress\/?page_id=787\"><em>Klikkaa ja katso snapshot-kuvia.<\/em><\/a><\/span><\/span><\/span><\/p>\n<hr \/>\n<p style=\"text-align: center;\"><a href=\"http:\/\/massinmaja.fi\/wordpress\/wp-content\/uploads\/2016\/01\/Logo_Leader_RGB_.jpg\" rel=\"attachment wp-att-139\"><img decoding=\"async\" loading=\"lazy\" class=\"alignnone wp-image-139\" src=\"http:\/\/massinmaja.fi\/wordpress\/wp-content\/uploads\/2016\/01\/Logo_Leader_RGB_-150x150.jpg\" alt=\"LEADER\" width=\"47\" height=\"47\" srcset=\"http:\/\/massinmaja.fi\/wordpress\/wp-content\/uploads\/2016\/01\/Logo_Leader_RGB_-150x150.jpg 150w, http:\/\/massinmaja.fi\/wordpress\/wp-content\/uploads\/2016\/01\/Logo_Leader_RGB_-300x300.jpg 300w, http:\/\/massinmaja.fi\/wordpress\/wp-content\/uploads\/2016\/01\/Logo_Leader_RGB_-768x768.jpg 768w, http:\/\/massinmaja.fi\/wordpress\/wp-content\/uploads\/2016\/01\/Logo_Leader_RGB_-1024x1024.jpg 1024w\" sizes=\"(max-width: 47px) 100vw, 47px\" \/><\/a>\u00a0 \u00a0 \u00a0 \u00a0 \u00a0 \u00a0 \u00a0<img decoding=\"async\" loading=\"lazy\" class=\"alignnone wp-image-137\" src=\"http:\/\/massinmaja.fi\/wordpress\/wp-content\/uploads\/2016\/01\/lippu_ja_tunnuslause-300x47.jpg\" alt=\"EU maaseuturahasto\" width=\"217\" height=\"34\" srcset=\"http:\/\/massinmaja.fi\/wordpress\/wp-content\/uploads\/2016\/01\/lippu_ja_tunnuslause-300x47.jpg 300w, http:\/\/massinmaja.fi\/wordpress\/wp-content\/uploads\/2016\/01\/lippu_ja_tunnuslause-768x120.jpg 768w, http:\/\/massinmaja.fi\/wordpress\/wp-content\/uploads\/2016\/01\/lippu_ja_tunnuslause-1024x160.jpg 1024w, http:\/\/massinmaja.fi\/wordpress\/wp-content\/uploads\/2016\/01\/lippu_ja_tunnuslause.jpg 1200w\" sizes=\"(max-width: 217px) 100vw, 217px\" \/>\u00a0 \u00a0\u00a0<a href=\"http:\/\/massinmaja.fi\/wordpress\/wp-content\/uploads\/2015\/11\/leader-karhuseutu.jpg\" rel=\"attachment wp-att-140\"><img decoding=\"async\" loading=\"lazy\" class=\"alignnone wp-image-140\" src=\"http:\/\/massinmaja.fi\/wordpress\/wp-content\/uploads\/2015\/11\/leader-karhuseutu-300x120.jpg\" alt=\"Leader Karhuseutu\" width=\"110\" height=\"44\" srcset=\"http:\/\/massinmaja.fi\/wordpress\/wp-content\/uploads\/2015\/11\/leader-karhuseutu-300x120.jpg 300w, http:\/\/massinmaja.fi\/wordpress\/wp-content\/uploads\/2015\/11\/leader-karhuseutu.jpg 355w\" sizes=\"(max-width: 110px) 100vw, 110px\" \/><\/a><\/p>\n","protected":false},"excerpt":{"rendered":"<p>Osoite\/karttalinkki : Massintie 190,\u00a0 28400 Ulvila Massi sijaitsee n. 5 km:n p\u00e4\u00e4ss\u00e4 Ulvilan (Friitalan) keskustasta, Massintien p\u00e4\u00e4ss\u00e4. Ulvilan Ura omistaa [&hellip;]<\/p>\n","protected":false},"author":1,"featured_media":0,"parent":0,"menu_order":0,"comment_status":"closed","ping_status":"closed","template":"","meta":[],"_links":{"self":[{"href":"http:\/\/massinmaja.fi\/wordpress\/index.php?rest_route=\/wp\/v2\/pages\/5"}],"collection":[{"href":"http:\/\/massinmaja.fi\/wordpress\/index.php?rest_route=\/wp\/v2\/pages"}],"about":[{"href":"http:\/\/massinmaja.fi\/wordpress\/index.php?rest_route=\/wp\/v2\/types\/page"}],"author":[{"embeddable":true,"href":"http:\/\/massinmaja.fi\/wordpress\/index.php?rest_route=\/wp\/v2\/users\/1"}],"replies":[{"embeddable":true,"href":"http:\/\/massinmaja.fi\/wordpress\/index.php?rest_route=%2Fwp%2Fv2%2Fcomments&post=5"}],"version-history":[{"count":121,"href":"http:\/\/massinmaja.fi\/wordpress\/index.php?rest_route=\/wp\/v2\/pages\/5\/revisions"}],"predecessor-version":[{"id":795,"href":"http:\/\/massinmaja.fi\/wordpress\/index.php?rest_route=\/wp\/v2\/pages\/5\/revisions\/795"}],"wp:attachment":[{"href":"http:\/\/massinmaja.fi\/wordpress\/index.php?rest_route=%2Fwp%2Fv2%2Fmedia&parent=5"}],"curies":[{"name":"wp","href":"https:\/\/api.w.org\/{rel}","templated":true}]}}